
Let y(g) = -10*g - 12. Let z(k) = -9*k - 8. Let w(m) = 6*y(m) - 7*z(m). Give w(6).
2
Let h(c) = 2*c**2 + 1. Suppose 3*v - 27 = 6*v - 3*w, 3*v + 4*w + 13 = 0. Let y be -1*(7 + -3) - 21/v. What is h(y)?
3
Suppose -2*j + 13 = -5*m, -4*m - 16 = -2*j - 4. Suppose 0 = 5*n + 5*i - 2*i + 8, -1 = -3*n + j*i. Let q(o) = -o - 1. Determine q(n).
0
Let t(r) = -2*r**2 - 3*r. Suppose 0 = 3*f + 16*d - 18*d - 15, 5*f - 3 = -4*d. Determine t(f).
-27
Let q(g) = 8*g - 146. Let h(f) = 4*f - 73. Let r(n) = 11*h(n) - 6*q(n). What is r(16)?
9
Let j(w) be the first derivative of w**3/3 + 2*w**2 + 3*w + 9. Let d be 224/(-48) + (-2)/6. Determine j(d).
8
Let u(d) be the third derivative of -d**4/4 + 39*d**2. Let c(v) = -7*v. Let i(j) = 3*c(j) - 4*u(j). Determine i(-7).
-21
Suppose 0 = -3*r - 5*o + 21, -5*r = -o - 7. Let g(a) = -23*a**r + 14*a**2 + 10*a**2 - a**3 + 2 - 5. Calculate g(0).
-3
Let v(y) = 147 - 4*y - 81 + 8*y - y**2 - 68. What is v(4)?
-2
Let p(x) = 1 - x - x**2 + 2 - 1. Let y be ((-40)/(-24))/(((-6)/3)/42). Let t = y - -31. Determine p(t).
-10
Let f be 60/16 + (-9)/12. Let g(q) = 223*q + 215*q - 436*q - 1. Calculate g(f).
5
Let g = 143 + -148. Let t(q) = -q**2 - 6*q - 1. What is t(g)?
4
Let c = 57 - 56. Let x(j) = j**3 + j**2 - j. Let r(n) = 7*n**2 - 2*n + 1. Let w(o) = c*x(o) - r(o). Give w(6).
5
Let v(a) = -2*a - 6. Suppose -8*z - 1393 + 1281 = 0. Determine v(z).
22
Suppose 10 = -2*m - 0, 0 = -4*t - 3*m + 13. Let n(j) be the third derivative of j**4/24 - j**3/3 - 6*j**2. Determine n(t).
5
Let l(n) = n**2 + 16*n - 8. Let z(y) = y - 2. Let s(x) = l(x) - 5*z(x). What is s(-11)?
2
Let i = -29 - -22. Let s(c) = c**3 + 8*c**2 + 7*c + 12. Give s(i).
12
Let z(s) = -s**3 + 21*s**2 + 2*s - 42. Let l be z(21). Let k(g) be the third derivative of 1/2*g**3 - 3*g**2 + 0 + 1/8*g**4 + l*g. Give k(-3).
-6
Let x(o) = -o**2 + 3*o - 2. Let w be x(-1). Let r(j) = j**3 + 4*j**2 - 10*j + 8. Calculate r(w).
-4
Let s(l) = -4*l**2 + l - 1. Let g(i) = i**2. Let t(v) = -v**3 + 11*v**2 + 2*v - 27. Let n be t(11). Let m(o) = n*g(o) - s(o). Calculate m(-2).
-1
Suppose -2*n - 4 = 2*m, 15 = -n - 5*m + 1. Let o(z) = 2*z**3 - 7*z**2 - 6*z + 0 + n - 3*z**3 + 4. Give o(-6).
5
Let x(y) = -y**2 - 2*y. Let t(z) = -z + 2. Let b be t(0). Suppose b*c = -4*a - 6, 3*a - 4*c + 8 = a. Determine x(a).
0
Let l(t) be the third derivative of t**4/4 - 2*t**3 - 3*t**2. Let z(i) = -5*i + 11. Let c(y) = -6*l(y) - 7*z(y). What is c(4)?
-9
Let x(m) = -42*m**2 + 3*m**2 - 12 + 8*m**2 + 4*m**2 + 26*m**2 - 14*m. What is x(-11)?
21
Suppose 4*m - 171 = m. Let i(k) = 2 - 1 - m*k + 51*k. Let o(p) = -p. Let b be o(-1). Calculate i(b).
-5
Let y(i) = 12*i**2 - 5*i - 3. Let w be y(-1). Let q(k) = -2*k - 14. Determine q(w).
-42
Let m(u) = 1 + 4*u - 7*u + 6*u. Let v(q) = -16*q - 5. Let k(o) = 11*m(o) + 2*v(o). Determine k(7).
8
Let k(p) = -7*p - 1. Let m(z) = 13*z + 87. Let r be m(-7). What is k(r)?
27
Let l(b) = b**3 - 12*b**2 + 5 - 4*b**2 - 5*b**2 + 15*b**2 - 11*b. Determine l(7).
-23
Let j(q) be the first derivative of q**3/3 - 2*q**2 - 7*q + 1. Suppose 3*u + 61 + 56 = 135. Calculate j(u).
5
Let z = 94 + -118. Let j = -25 - z. Let a(r) = -6*r**2. What is a(j)?
-6
Let v(j) = 4*j**2 + 8*j - 3. Let q(t) = 3*t**2 + 9*t - 3. Let o(i) = -5*q(i) + 4*v(i). Determine o(12).
-9
Suppose -14 = -5*c + 11. Let m(a) = 5 + 6*a**2 - c*a**2 + 2*a + 5*a. Determine m(-4).
-7
Let z(q) be the third derivative of q**4/12 + 7*q**3/3 + 16*q**2. What is z(-8)?
-2
Let i be 6 - 0/(3 + -2). Let f(b) = b**3 + b. Let m(j) = -5*j**3 + 7*j**2 - 6*j - 7. Let x(h) = 4*f(h) + m(h). Determine x(i).
17
Let c(l) be the second derivative of l**5/20 - 5*l**4/12 - 5*l**3/6 - 3*l**2 - 2*l + 2. Give c(6).
0
Suppose 5*o - 252 = -4*j, 0 = -2*j - 3*o - o + 120. Let p(l) = -6*l + 76 - 2*l**2 + l**2 - j + 0*l**2. Give p(-8).
-8
Let z be (-1)/(-3) - (-4)/6. Let o be (2 + -3)*(-1 + 1). Let u(d) = 1 + o - 3*d - 2 + 2*d. Give u(z).
-2
Suppose -3*r + 15 = -8*r, 0 = -2*c - 2*r. Suppose 8*i = c*i - 5. Let z(d) be the second derivative of 5*d**3/6 + d**2/2 - d. Determine z(i).
-4
Let y(d) be the first derivative of -d**3/3 - 2*d**2 + 2. Let r be 3 + (-63)/6*-2. Suppose -6*o - r = 6. Determine y(o).
-5
Let w(h) be the third derivative of -h**4/4 - 2*h**3/3 + h**2 - 105*h. Give w(-3).
14
Let w = 36 + -11. Suppose 0 = 3*z - 3*s - 3, 5*z + 0*z + s - 23 = 0. Suppose w = -z*v - 3. Let t(b) = -b - 10. Calculate t(v).
-3
Let k(y) be the third derivative of y**5/15 - y**3/3 + 81*y**2. Determine k(2).
14
Let k(c) be the second derivative of 0*c**2 + 2/5*c**5 + 0*c**4 - 6*c + 0 - 1/6*c**3. Suppose -5*q = -4*q + 2*x - 1, -2*q + 2*x - 4 = 0. Determine k(q).
-7
Let i(l) = -l + 1. Let n be (-70)/(-30) - (-4)/6. Give i(n).
-2
Let v(h) = -h**3 - 4*h**2 - 2*h + 4. Suppose -58 = -5*k - 2*l, -4*l = -k + 6 + 10. Let q = 9 - k. Determine v(q).
1
Let d(v) = 1 - 3*v + 0*v + 2*v. Let k(j) = j + 8. Let x be k(-5). Give d(x).
-2
Let s(u) = -11*u**3 - 6*u**2 - 9*u - 24. Let y(q) = 24*q**3 + 14*q**2 + 19*q + 50. Let d(a) = -13*s(a) - 6*y(a). Calculate d(-6).
-6
Let q(w) = -2*w**2 + 13*w + 8. Let b(r) = -2*r**2 + 10*r + 9. Let s(i) = -4*b(i) + 3*q(i). Determine s(5).
33
Suppose -6*k + 18 = 60. Let x(g) = -5*g - 17. Determine x(k).
18
Let v(d) = -d**3 + 9*d**2 - 9*d - 5. Suppose 128 = -151*z + 167*z. What is v(z)?
-13
Let b(d) = -5*d - 93. Let y be b(-18). Let n(s) = s**2 + 6*s + 4. Give n(y).
-5
Let q(z) = -3*z - 1. Suppose 3*h + 2*k + 3 = -1, -4 = h + 2*k. Suppose 0 = -5*s - h*s + 55. Suppose 0 = 3*n - a + s, 4*a = 2*n + 3*a + 8. Give q(n).
8
Let t be (-3 + 4 + 32/(-28))*-7. Let z(l) = -l**3 - l + 1. Let c(v) = 2*v**3 - 2*v**2 - v + 2. Let k(h) = c(h) - 3*z(h). Calculate k(t).
4
Let b(v) = v**2 + 5*v - 2. Let f(p) = -3*p - 8. Let q be f(-4). Suppose 0 = -q*h, -3*k - 2*h - 15 = -0*h. Calculate b(k).
-2
Let n be -1 + 1 + 8 + -3. Suppose 0 = v - 3*q - 3 - 9, -2*q = n*v + 8. Suppose 4*y = l - v*y + 25, -2*y + 20 = -2*l. Let b(f) = f + 2. Determine b(l).
-3
Let l(i) = -32*i - 65. Let s be l(-2). Let p(g) = 10*g + 2. Give p(s).
-8
Suppose -10*a + 5*a = -20. Suppose 3*o - 9 = i, 5*o - a*i - 15 = -0*o. Let x(h) = -3*h**3 - h**2 - 2 - h - 2 + 2*h**o. Determine x(0).
-4
Suppose 3*m + 2 = 2*m, -4*s = -2*m - 64. Let j(i) = s*i - 2*i**2 - 22*i + 5*i + 3*i**2. What is j(3)?
3
Let i(g) = g**3 - 9*g**2 + g - 7. Let m(w) = -w**3 + 17*w**2 + 4*w - 59. Let o be m(17). Give i(o).
2
Let x(t) = -2*t**2 - t + 13. Suppose -4*r = -u - 4, -2*u + 2*r - 1 = 1. Give x(u).
13
Let b(a) = a + 16. Let z = 314 - 303. What is b(z)?
27
Let x(b) = -16*b + 17*b + b**3 + 7*b**2 + 41 - 46. Calculate x(-7).
-12
Let j(l) be the second derivative of -3*l**5/20 - 13*l**2/2 + 19*l. Let y(d) be the first derivative of j(d). What is y(1)?
-9
Let r(f) = f - 9. Let t be (-5)/(2 + -7)*7. Calculate r(t).
-2
Let r(d) = d**3 + 10*d**2 + 8*d - 10. Let n be r(-9). Let i(l) = -2*l - 3 + 0 + 2. Determine i(n).
1
Let y = 4 + -5. Let m be 4/(-12)*0 + 5. Let v(n) = 6*n - 1 - 5 + m. Give v(y).
-7
Let n = 23 - 20. Let x(d) = 6*d + 5. Let u(i) = -3*i - 3. Let q(t) = 7*u(t) + 4*x(t). What is q(n)?
8
Let q(u) = -36*u + u**3 + 3*u**2 + 3*u**2 + 41*u + 2. Suppose -5*t + 4*t - 5 = 0. Determine q(t).
2
Let m(f) = -f**2 - f. Let p(t) = -t + 2. Let d be p(0). Suppose 1 = -2*r - d*y - 1, r + 1 = -2*y. Give m(r).
0
Let z(t) = t. Let g = -31 - -18. Let f = 17 + g. Suppose 7*u - 3*u - 5*v + 9 = 0, 2*u + f*v - 28 = 0. Give z(u).
4
Let h(j) = 34 + 5*j - 25 - 6*j. Let u(c) be the first derivative of -c**2 + 17*c - 2. Let o(g) = 7*h(g) - 3*u(g). Determine o(5).
7
Let z(m) = -m**3 + m**2 + m - 1. Let t = -2 - 4. Let w(y) = -5*y**3 + 8*y**2 + y - 9. Let v(u) = t*z(u) + w(u). Determine v(-4).
-15
Let w(d) = d + 6. Let x be w(-5). Let f(s) = 0 - 3 + 5 - s + x. Let n be f(3). Let p(i) = i + 2. Determine p(n).
2
Let y be 6/3 + 0 + -2. Let d(b) be the first derivative of -8 + 8*b - 1/2*b**2. Calculate d(y).
8
Let j(o) = 27*o**2 - 65*o**2 + 32*o**2. Determine j(1).
-6
Let k(h) = -3*h + 10. Let u be k(3). Let c(g) = -2*g**2 + 3*g - 3. Let r be c(u). Let i(n) = n**3 + 3*n**2 - 1. Determine i(r).
3
Let x = 11 + -2. Let m(p) = 3*p + 6. Give m(x).
33
Let b(x) = 13 - 27 - x + 6 + 0*x + 13. Give b(-7).
12
Suppose d + 5*t + 11 = 0, -d - 1 = -5*t + 10. Let n(x) = -x**3 - 12*x**2 - 12*x + 19. Det